{"id":23597,"date":"2026-04-17T15:02:20","date_gmt":"2026-04-17T14:02:20","guid":{"rendered":"https:\/\/immo-empire.pt\/?post_type=estate_property&#038;p=23597"},"modified":"2026-04-28T09:09:54","modified_gmt":"2026-04-28T08:09:54","slug":"apartamento-t2-oural-paredes","status":"publish","type":"estate_property","link":"https:\/\/immo-empire.pt\/fr\/an\u00fancios\/apartamento-t2-oural-paredes\/","title":{"rendered":"APPARTEMENT T2 \u2013 OURAL \u2013 PAREDES"},"content":{"rendered":"Apartamento T2 em Paredes (Oural) \r\n\r\n\r\n\r\nApresenta-se este excelente apartamento T2 localizado em zona tranquila de Oural, Paredes, ideal para quem procura conforto e funcionalidade no dia a dia.\r\n\r\n\r\n\r\nO im\u00f3vel disp\u00f5e de uma cozinha mobilada e equipada com placa, forno, exaustor, micro-ondas e frigor\u00edfico, integrada em open space com a sala de estar e jantar, proporcionando um ambiente moderno e acolhedor. Conta ainda com um WC de servi\u00e7o, dois quartos com roupeiros embutidos e uma casa de banho completa de apoio \u00e0 zona privada.\r\n\r\n\r\n\r\nDestaca-se tamb\u00e9m pelo lugar de garagem com arrumos, oferecendo maior comodidade e espa\u00e7o de organiza\u00e7\u00e3o.\r\n\r\n\r\n\r\nO apartamento situa-se no 2.\u00ba andar de um pr\u00e9dio sem elevador, com acesso por um n\u00famero reduzido de escadas. O valor de condom\u00ednio \u00e9 de apenas 32\u20ac mensais.\r\n\r\n\r\n\r\nComo mais-valias, o im\u00f3vel inclui ainda cortinados, m\u00f3vel de TV, m\u00f3vel do hall de entrada e m\u00f3vel do hall dos quartos.\r\n\r\n\r\n\r\n\u00c1reas:\r\n\r\n\r\n\r\n<ul class=\"wp-block-list\">\r\n<li>\u00c1rea bruta privativa: 112 m\u00b2<\/li>\r\n\r\n\r\n\r\n<li>\u00c1rea bruta dependente: 22,90 m\u00b2<\/li>\r\n<\/ul>","protected":false},"excerpt":{"rendered":"<p>Apartamento T2 em Paredes (Oural) Apresenta-se este excelente apartamento T2 localizado em zona tranquila de Oural, Paredes, ideal para quem procura conforto e funcionalidade no dia a dia. O im\u00f3vel disp\u00f5e de uma cozinha mobilada e equipada com placa, forno, exaustor, micro-ondas e frigor\u00edfico, integrada em open space com a sala de estar e jantar, proporcionando um ambiente moderno e acolhedor. Conta ainda com &#8230;<\/p>","protected":false},"featured_media":23604,"comment_status":"closed","ping_status":"closed","template":"","property_category":[30],"property_action_category":[69],"property_city":[154],"property_area":[264],"property_county_state":[150],"property_features":[],"property_status":[142],"class_list":["post-23597","estate_property","type-estate_property","status-publish","has-post-thumbnail","hentry","property_category-apartamentos","property_action_category-vender","property_city-paredes","property_area-oural","property_county_state-porto","property_status-disponivel"],"_links":{"self":[{"href":"https:\/\/immo-empire.pt\/fr\/wp-json\/wp\/v2\/estate_property\/23597","targetHints":{"allow":["GET"]}}],"collection":[{"href":"https:\/\/immo-empire.pt\/fr\/wp-json\/wp\/v2\/estate_property"}],"about":[{"href":"https:\/\/immo-empire.pt\/fr\/wp-json\/wp\/v2\/types\/estate_property"}],"replies":[{"embeddable":true,"href":"https:\/\/immo-empire.pt\/fr\/wp-json\/wp\/v2\/comments?post=23597"}],"wp:featuredmedia":[{"embeddable":true,"href":"https:\/\/immo-empire.pt\/fr\/wp-json\/wp\/v2\/media\/23604"}],"wp:attachment":[{"href":"https:\/\/immo-empire.pt\/fr\/wp-json\/wp\/v2\/media?parent=23597"}],"wp:term":[{"taxonomy":"property_category","embeddable":true,"href":"https:\/\/immo-empire.pt\/fr\/wp-json\/wp\/v2\/property_category?post=23597"},{"taxonomy":"property_action_category","embeddable":true,"href":"https:\/\/immo-empire.pt\/fr\/wp-json\/wp\/v2\/property_action_category?post=23597"},{"taxonomy":"property_city","embeddable":true,"href":"https:\/\/immo-empire.pt\/fr\/wp-json\/wp\/v2\/property_city?post=23597"},{"taxonomy":"property_area","embeddable":true,"href":"https:\/\/immo-empire.pt\/fr\/wp-json\/wp\/v2\/property_area?post=23597"},{"taxonomy":"property_county_state","embeddable":true,"href":"https:\/\/immo-empire.pt\/fr\/wp-json\/wp\/v2\/property_county_state?post=23597"},{"taxonomy":"property_features","embeddable":true,"href":"https:\/\/immo-empire.pt\/fr\/wp-json\/wp\/v2\/property_features?post=23597"},{"taxonomy":"property_status","embeddable":true,"href":"https:\/\/immo-empire.pt\/fr\/wp-json\/wp\/v2\/property_status?post=23597"}],"curies":[{"name":"wp","href":"https:\/\/api.w.org\/{rel}","templated":true}]}}

https://immo-empire.pt/fr/anúncios/apartamento-t2-oural-paredes/

Apartamento T2 em Paredes (Oural) 



Apresenta-se este excelente apartamento T2 localizado em zona tranquila de Oural, Paredes, ideal para quem procura conforto e funcionalidade no dia a dia.



O imóvel dispõe de uma cozinha mobilada e equipada com placa, forno, exaustor, micro-ondas e frigorífico, integrada em open space com a sala de estar e jantar, proporcionando um ambiente moderno e acolhedor. Conta ainda com um WC de serviço, dois quartos com roupeiros embutidos e uma casa de banho completa de apoio à zona privada.



Destaca-se também pelo lugar de garagem com arrumos, oferecendo maior comodidade e espaço de organização.



O apartamento situa-se no 2.º andar de um prédio sem elevador, com acesso por um número reduzido de escadas. O valor de condomínio é de apenas 32€ mensais.



Como mais-valias, o imóvel inclui ainda cortinados, móvel de TV, móvel do hall de entrada e móvel do hall dos quartos.



Áreas:



<ul class="wp-block-list">
<li>Área bruta privativa: 112 m²</li>



<li>Área bruta dependente: 22,90 m²</li>
</ul>

<p>Apartamento T2 em Paredes (Oural) Apresenta-se este excelente apartamento T2 localizado em zona tranquila de Oural, Paredes, ideal para quem procura conforto e funcionalidade no dia a dia. O imóvel dispõe de uma cozinha mobilada e equipada com placa, forno, exaustor, micro-ondas e frigorífico, integrada em open space com a sala de estar e jantar, proporcionando um ambiente moderno e acolhedor. Conta ainda com &#8230;</p>
