{"id":23655,"date":"2026-04-29T11:26:33","date_gmt":"2026-04-29T10:26:33","guid":{"rendered":"https:\/\/immo-empire.pt\/?post_type=estate_property&#038;p=23655"},"modified":"2026-04-29T11:53:12","modified_gmt":"2026-04-29T10:53:12","slug":"apartamento-t3-vilela-paredes-2","status":"publish","type":"estate_property","link":"https:\/\/immo-empire.pt\/fr\/an\u00fancios\/apartamento-t3-vilela-paredes-2\/","title":{"rendered":"APARTAMENTO T3 \u2013 VILELA \u2013 PAREDES"},"content":{"rendered":"Apresentamos este moderno apartamento T3, originalmente loja e cuidadosamente transformado em habita\u00e7\u00e3o, situado em Vilela, Paredes, ao n\u00edvel do r\u00e9s do ch\u00e3o, ideal para quem valoriza conforto, funcionalidade e acessibilidade.\r\n\r\n\r\n\r\nO im\u00f3vel destaca-se pela sua ampla \u00e1rea social em conceito open space, com cerca de 53 m\u00b2, integrando sala de estar e cozinha, proporcionando um ambiente luminoso e perfeito para momentos de conv\u00edvio. A cozinha encontra-se equipada com placa e exaustor.\r\n\r\n\r\n\r\nNa zona privada, disp\u00f5e de tr\u00eas quartos com roupeiros embutidos, sendo um deles uma su\u00edte, garantindo maior privacidade e comodidade. Conta ainda com uma casa de banho completa de apoio aos restantes quartos.\r\n\r\n\r\n\r\nPara maior conforto, o apartamento est\u00e1 equipado com ar condicionado e estores el\u00e9tricos.\r\n\r\n\r\n\r\nNo exterior, beneficia de lugar de estacionamento, acrescentando praticidade ao dia a dia.\r\n\r\n\r\n\r\nCom uma \u00e1rea bruta privativa de 115 m\u00b2, este im\u00f3vel \u00e9 uma excelente oportunidade tanto para habita\u00e7\u00e3o pr\u00f3pria como para investimento.\r\n\r\n\r\n\r\nCertificado energ\u00e9tico: em tr\u00e2mite.","protected":false},"excerpt":{"rendered":"<p>Apresentamos este moderno apartamento T3, originalmente loja e cuidadosamente transformado em habita\u00e7\u00e3o, situado em Vilela, Paredes, ao n\u00edvel do r\u00e9s do ch\u00e3o, ideal para quem valoriza conforto, funcionalidade e acessibilidade. O im\u00f3vel destaca-se pela sua ampla \u00e1rea social em conceito open space, com cerca de 53 m\u00b2, integrando sala de estar e cozinha, proporcionando um ambiente luminoso e perfeito para momentos de conv\u00edvio. A &#8230;<\/p>","protected":false},"featured_media":23660,"comment_status":"closed","ping_status":"closed","template":"","property_category":[30],"property_action_category":[69],"property_city":[154],"property_area":[223],"property_county_state":[150],"property_features":[],"property_status":[166],"class_list":["post-23655","estate_property","type-estate_property","status-publish","has-post-thumbnail","hentry","property_category-apartamentos","property_action_category-vender","property_city-paredes","property_area-vilela","property_county_state-porto","property_status-reservado"],"_links":{"self":[{"href":"https:\/\/immo-empire.pt\/fr\/wp-json\/wp\/v2\/estate_property\/23655","targetHints":{"allow":["GET"]}}],"collection":[{"href":"https:\/\/immo-empire.pt\/fr\/wp-json\/wp\/v2\/estate_property"}],"about":[{"href":"https:\/\/immo-empire.pt\/fr\/wp-json\/wp\/v2\/types\/estate_property"}],"replies":[{"embeddable":true,"href":"https:\/\/immo-empire.pt\/fr\/wp-json\/wp\/v2\/comments?post=23655"}],"wp:featuredmedia":[{"embeddable":true,"href":"https:\/\/immo-empire.pt\/fr\/wp-json\/wp\/v2\/media\/23660"}],"wp:attachment":[{"href":"https:\/\/immo-empire.pt\/fr\/wp-json\/wp\/v2\/media?parent=23655"}],"wp:term":[{"taxonomy":"property_category","embeddable":true,"href":"https:\/\/immo-empire.pt\/fr\/wp-json\/wp\/v2\/property_category?post=23655"},{"taxonomy":"property_action_category","embeddable":true,"href":"https:\/\/immo-empire.pt\/fr\/wp-json\/wp\/v2\/property_action_category?post=23655"},{"taxonomy":"property_city","embeddable":true,"href":"https:\/\/immo-empire.pt\/fr\/wp-json\/wp\/v2\/property_city?post=23655"},{"taxonomy":"property_area","embeddable":true,"href":"https:\/\/immo-empire.pt\/fr\/wp-json\/wp\/v2\/property_area?post=23655"},{"taxonomy":"property_county_state","embeddable":true,"href":"https:\/\/immo-empire.pt\/fr\/wp-json\/wp\/v2\/property_county_state?post=23655"},{"taxonomy":"property_features","embeddable":true,"href":"https:\/\/immo-empire.pt\/fr\/wp-json\/wp\/v2\/property_features?post=23655"},{"taxonomy":"property_status","embeddable":true,"href":"https:\/\/immo-empire.pt\/fr\/wp-json\/wp\/v2\/property_status?post=23655"}],"curies":[{"name":"wp","href":"https:\/\/api.w.org\/{rel}","templated":true}]}}

https://immo-empire.pt/fr/anúncios/apartamento-t3-vilela-paredes-2/

Apresentamos este moderno apartamento T3, originalmente loja e cuidadosamente transformado em habitação, situado em Vilela, Paredes, ao nível do rés do chão, ideal para quem valoriza conforto, funcionalidade e acessibilidade.



O imóvel destaca-se pela sua ampla área social em conceito open space, com cerca de 53 m², integrando sala de estar e cozinha, proporcionando um ambiente luminoso e perfeito para momentos de convívio. A cozinha encontra-se equipada com placa e exaustor.



Na zona privada, dispõe de três quartos com roupeiros embutidos, sendo um deles uma suíte, garantindo maior privacidade e comodidade. Conta ainda com uma casa de banho completa de apoio aos restantes quartos.



Para maior conforto, o apartamento está equipado com ar condicionado e estores elétricos.



No exterior, beneficia de lugar de estacionamento, acrescentando praticidade ao dia a dia.



Com uma área bruta privativa de 115 m², este imóvel é uma excelente oportunidade tanto para habitação própria como para investimento.



Certificado energético: em trâmite.

<p>Apresentamos este moderno apartamento T3, originalmente loja e cuidadosamente transformado em habitação, situado em Vilela, Paredes, ao nível do rés do chão, ideal para quem valoriza conforto, funcionalidade e acessibilidade. O imóvel destaca-se pela sua ampla área social em conceito open space, com cerca de 53 m², integrando sala de estar e cozinha, proporcionando um ambiente luminoso e perfeito para momentos de convívio. A &#8230;</p>
